
7, 1941827
What are the prime factors of 1382489906?
2, 7, 41, 353, 6823
What are the prime factors of 219865852?
2, 54966463
What are the prime factors of 172692119?
23, 7508353
List the prime factors of 9154851757.
19, 61, 7898923
What are the prime factors of 124303800?
2, 3, 5, 31, 41, 163
List the prime factors of 133092762.
2, 3, 11, 17, 118621
List the prime factors of 61530385.
5, 7, 463, 3797
List the prime factors of 34639965.
3, 5, 17, 45281
List the prime factors of 287363886.
2, 3, 17, 23, 347, 353
List the prime factors of 315653819.
13, 1733, 14011
What are the prime factors of 6884584?
2, 7, 122939
What are the prime factors of 206816890?
2, 5, 7, 223, 13249
List the prime factors of 229445912.
2, 29, 941, 1051
List the prime factors of 124520674.
2, 62260337
List the prime factors of 33846492.
2, 3, 2820541
What are the prime factors of 517171455?
3, 5, 71, 161869
List the prime factors of 118824215.
5, 23764843
List the prime factors of 1224278558.
2, 29, 21108251
List the prime factors of 89061834.
2, 3, 103, 211, 683
What are the prime factors of 39471254?
2, 19735627
List the prime factors of 519849804.
2, 3, 19, 941, 2423
What are the prime factors of 115040988?
2, 3, 83, 38501
What are the prime factors of 196170887?
11, 23, 70489
What are the prime factors of 754235879?
12659, 59581
What are the prime factors of 2526036644?
2, 631509161
What are the prime factors of 182076617?
499, 364883
What are the prime factors of 1681763099?
29, 2129, 27239
List the prime factors of 193733400.
2, 3, 5, 7, 193, 239
What are the prime factors of 361080589?
43, 8397223
What are the prime factors of 34855654?
2, 2633, 6619
What are the prime factors of 30836163?
3, 151, 68071
What are the prime factors of 7275518594?
2, 17, 213985841
List the prime factors of 424192389.
3, 11743, 12041
What are the prime factors of 791595723?
3, 37, 257, 27749
List the prime factors of 14211209.
14211209
List the prime factors of 124713580.
2, 5, 113, 139, 397
List the prime factors of 42540809.
127, 131, 2557
List the prime factors of 7854144364.
2, 11, 17, 37, 25799
What are the prime factors of 189875401?
43, 4415707
List the prime factors of 4157538303.
3, 211, 577, 11383
List the prime factors of 547501424.
2, 34218839
List the prime factors of 142339407.
3, 7, 37, 183191
List the prime factors of 496447197.
3, 5189, 31891
List the prime factors of 4577703561.
3, 508633729
What are the prime factors of 291317421?
3, 47, 2066081
What are the prime factors of 252469176?
2, 3, 17, 149, 4153
List the prime factors of 137626613.
71, 541, 3583
List the prime factors of 40747350.
2, 3, 5, 7, 151, 257
What are the prime factors of 997149811?
7, 19, 67, 317, 353
What are the prime factors of 42887404?
2, 7, 29, 52817
What are the prime factors of 435912124?
2, 241, 452191
What are the prime factors of 40733575?
5, 23, 70841
What are the prime factors of 141144150?
2, 3, 5, 7, 229, 587
List the prime factors of 4300863644.
2, 7, 11, 13963843
What are the prime factors of 523814331?
3, 59, 2959403
What are the prime factors of 783437500?
2, 5, 23, 109
List the prime factors of 13614372.
2, 3, 37, 3407
What are the prime factors of 5730891?
3, 1910297
List the prime factors of 452470628.
2, 23, 213833
What are the prime factors of 106790759?
106790759
List the prime factors of 372198746.
2, 5197, 35809
List the prime factors of 119321316.
2, 3, 41, 26947
What are the prime factors of 106420381?
107, 994583
List the prime factors of 28414084.
2, 29, 397, 617
What are the prime factors of 476454124?
2, 5749, 20719
List the prime factors of 35637746.
2, 17, 61657
List the prime factors of 79821445.
5, 11, 53, 139, 197
What are the prime factors of 139662875?
5, 11, 101573
What are the prime factors of 1936118886?
2, 3, 13, 19, 23, 79, 719
List the prime factors of 7738645.
5, 71, 21799
List the prime factors of 116231815.
5, 7, 3320909
What are the prime factors of 2246638445?
5, 71, 101, 62659
What are the prime factors of 509523901?
11399, 44699
List the prime factors of 3159231.
3, 29, 36313
What are the prime factors of 16931878?
2, 8465939
List the prime factors of 13565098.
2, 29, 233881
What are the prime factors of 198155173?
29, 41, 166657
What are the prime factors of 5324982?
2, 3, 13, 233, 293
What are the prime factors of 1487352413?
43, 34589591
What are the prime factors of 2063239586?
2, 15497, 66569
What are the prime factors of 1024486511?
1024486511
List the prime factors of 446479864.
2, 23, 2426521
List the prime factors of 106283870.
2, 5, 7, 11, 97, 1423
List the prime factors of 149004964.
2, 113, 329657
What are the prime factors of 43761283?
43761283
List the prime factors of 2283095210.
2, 5, 11, 20755411
List the prime factors of 78118297.
5171, 15107
List the prime factors of 5638450984.
2, 704806373
List the prime factors of 649629870.
2, 3, 5, 29, 61, 12241
List the prime factors of 16504179.
3, 19, 23, 12589
What are the prime factors of 116337155?
5, 11, 2115221
List the prime factors of 269571496.
2, 673, 50069
List the prime factors of 5725370357.
7, 2411, 48463
List the prime factors of 64817944.
2, 67, 120929
List the prime factors of 963616046.
2, 19, 25358317
What are the prime factors of 555666026?
2, 487, 570499
What are the prime factors of 48456474?
2, 3, 11, 734189
What are the prime factors of 2759995?
5, 7, 78857
What are the prime factors of 10132675?
5, 7, 57901
What are the prime factors of 3300429938?
2, 13, 293, 433241
List the prime factors of 1119844368.
2, 3, 37, 101, 2081
List the prime factors of 45347655.
3, 5, 3023177
List the prime factors of 389591518.
2, 194795759
List the prime factors of 413619325.
5, 7, 2363539
What are the prime factors of 210180884?
2, 52545221
List the prime factors of 36294845.
5, 19, 71, 5381
List the prime factors of 56055820.
2, 5, 263, 10657
List the prime factors of 116269676.
2, 239, 121621
List the prime factors of 2162715833.
17117, 126349
What are the prime factors of 1114801577?
4243, 262739
What are the prime factors of 1264047679?
29, 5441, 8011
What are the prime factors of 2919856556?
2, 17, 3049, 14083
What are the prime factors of 293720258?
2, 13, 23, 491171
What are the prime factors of 4707782533?
317, 2687, 5527
What are the prime factors of 757200906?
2, 3, 7, 11, 182107
List the prime factors of 124206001.
181, 227, 3023
List the prime factors of 34976747.
13, 67, 3089
What are the prime factors of 429457847?
7, 13, 47, 100411
What are the prime factors of 58486546?
2, 3037, 9629
What are the prime factors of 2114411315?
5, 29, 14582147
What are the prime factors of 977639683?
71, 13769573
List the prime factors of 2651366602.
2, 5113, 259277
List the prime factors of 71299107.
3, 11, 720193
List the prime factors of 3172519324.
2, 13, 149, 409463
List the prime factors of 229349469.
3, 76449823
What are the prime factors of 15956145?
3, 5, 354581
What are the prime factors of 14083785?
3, 5, 47, 6659
What are the prime factors of 151102243?
151102243
List the prime factors of 26011860.
2, 3, 5, 7, 61933
What are the prime factors of 6749224?
2, 101, 8353
List the prime factors of 21975265.
5, 13, 149, 2269
What are the prime factors of 31244494?
2, 137, 114031
List the prime factors of 17343041.
41, 423001
List the prime factors of 2248896438.
2, 3, 23, 103, 2293
What are the prime factors of 432525268?
2, 7, 31, 498301
What are the prime factors of 2153957110?
2, 5, 215395711
What are the prime factors of 12845327?
11, 37, 853
What are the prime factors of 4447847766?
2, 3, 741307961
List the prime factors of 41034894.
2, 3, 6839149
List the prime factors of 1807254870.
2, 3, 5, 17, 401, 8837
What are the prime factors of 27484682?
2, 17, 808373
What are the prime factors of 388207024?
2, 41, 591779
What are the prime factors of 1525726556?
2, 381431639
What are the prime factors of 1473586757?
337, 1301, 3361
List the prime factors of 1568149347.
3, 1709, 305861
List the prime factors of 183228157.
7, 26175451
What are the prime factors of 230339398?
2, 149, 499, 1549
What are the prime factors of 1609640795?
5, 7, 29, 97, 16349
What are the prime factors of 2688756273?
3, 7, 197, 30949
List the prime factors of 267503830.
2, 5, 11, 29, 83857
What 